{"id":3712,"date":"2026-03-26T08:10:23","date_gmt":"2026-03-26T08:10:23","guid":{"rendered":"https:\/\/aqclinics.com\/medio\/hemos-dejado-atras-la-estetica-artificial\/"},"modified":"2026-03-26T08:10:23","modified_gmt":"2026-03-26T08:10:23","slug":"hemos-dejado-atras-la-estetica-artificial","status":"publish","type":"aq_medio","link":"https:\/\/aqclinics.com\/en\/medio\/hemos-dejado-atras-la-estetica-artificial\/","title":{"rendered":"\u00abHemos dejado atr\u00e1s la est\u00e9tica artificial\u00bb"},"content":{"rendered":"<p>Este art\u00edculo refleja una tendencia que compartimos plenamente: la medicina est\u00e9tica evoluciona hacia tratamientos mejor indicados, menos exagerados y mucho m\u00e1s respetuosos con la expresi\u00f3n y la identidad de cada persona.<\/p>\n<p>No se trata de cambiar un rostro ni de perseguir resultados evidentes. Se trata de trabajar con precisi\u00f3n, sensibilidad y sentido m\u00e9dico para realzar sin disfrazar.<\/p>","protected":false},"excerpt":{"rendered":"<p>Un titular que resume una transformaci\u00f3n de fondo: hoy el valor est\u00e1 en la naturalidad, el criterio y la coherencia.<\/p>","protected":false},"featured_media":0,"template":"","aq_tipo_medio":[12],"class_list":["post-3712","aq_medio","type-aq_medio","status-publish","hentry","aq_tipo_medio-prensa"],"yoast_head":"<!-- This site is optimized with the Yoast SEO plugin v27.2 - https:\/\/yoast.com\/product\/yoast-seo-wordpress\/ -->\n<title>&quot;Hemos dejado atr\u00e1s la est\u00e9tica artificial&quot; - aqclinics.com<\/title>\n<meta name=\"robots\" content=\"index, follow, max-snippet:-1, max-image-preview:large, max-video-preview:-1\" \/>\n<link rel=\"canonical\" href=\"https:\/\/aqclinics.com\/en\/medio\/hemos-dejado-atras-la-estetica-artificial\/\" \/>\n<meta property=\"og:locale\" content=\"en_US\" \/>\n<meta property=\"og:type\" content=\"article\" \/>\n<meta property=\"og:title\" content=\"&quot;Hemos dejado atr\u00e1s la est\u00e9tica artificial&quot; - aqclinics.com\" \/>\n<meta property=\"og:description\" content=\"Un titular que resume una transformaci\u00f3n de fondo: hoy el valor est\u00e1 en la naturalidad, el criterio y la coherencia.\" \/>\n<meta property=\"og:url\" content=\"https:\/\/aqclinics.com\/en\/medio\/hemos-dejado-atras-la-estetica-artificial\/\" \/>\n<meta property=\"og:site_name\" content=\"aqclinics.com\" \/>\n<meta name=\"twitter:card\" content=\"summary_large_image\" \/>\n<script type=\"application\/ld+json\" class=\"yoast-schema-graph\">{\"@context\":\"https:\/\/schema.org\",\"@graph\":[{\"@type\":\"WebPage\",\"@id\":\"https:\/\/aqclinics.com\/medio\/hemos-dejado-atras-la-estetica-artificial\/\",\"url\":\"https:\/\/aqclinics.com\/medio\/hemos-dejado-atras-la-estetica-artificial\/\",\"name\":\"\\\"Hemos dejado atr\u00e1s la est\u00e9tica artificial\\\" - aqclinics.com\",\"isPartOf\":{\"@id\":\"https:\/\/aqclinics.com\/#website\"},\"datePublished\":\"2026-03-26T08:10:23+00:00\",\"breadcrumb\":{\"@id\":\"https:\/\/aqclinics.com\/medio\/hemos-dejado-atras-la-estetica-artificial\/#breadcrumb\"},\"inLanguage\":\"en-US\",\"potentialAction\":[{\"@type\":\"ReadAction\",\"target\":[\"https:\/\/aqclinics.com\/medio\/hemos-dejado-atras-la-estetica-artificial\/\"]}]},{\"@type\":\"BreadcrumbList\",\"@id\":\"https:\/\/aqclinics.com\/medio\/hemos-dejado-atras-la-estetica-artificial\/#breadcrumb\",\"itemListElement\":[{\"@type\":\"ListItem\",\"position\":1,\"name\":\"Portada\",\"item\":\"https:\/\/aqclinics.com\/\"},{\"@type\":\"ListItem\",\"position\":2,\"name\":\"\u00abHemos dejado atr\u00e1s la est\u00e9tica artificial\u00bb\"}]},{\"@type\":\"WebSite\",\"@id\":\"https:\/\/aqclinics.com\/#website\",\"url\":\"https:\/\/aqclinics.com\/\",\"name\":\"aqclinics.com\",\"description\":\"La Dra. \u00c1ngela Casquero, m\u00e9dico est\u00e9tico con amplia experiencia, combina ciencia y naturalidad para realzar la belleza de cada paciente con tratamientos seguros, personalizados y de \u00faltima generaci\u00f3n.\",\"publisher\":{\"@id\":\"https:\/\/aqclinics.com\/#organization\"},\"potentialAction\":[{\"@type\":\"SearchAction\",\"target\":{\"@type\":\"EntryPoint\",\"urlTemplate\":\"https:\/\/aqclinics.com\/?s={search_term_string}\"},\"query-input\":{\"@type\":\"PropertyValueSpecification\",\"valueRequired\":true,\"valueName\":\"search_term_string\"}}],\"inLanguage\":\"en-US\"},{\"@type\":\"Organization\",\"@id\":\"https:\/\/aqclinics.com\/#organization\",\"name\":\"aqclinics.com\",\"url\":\"https:\/\/aqclinics.com\/\",\"logo\":{\"@type\":\"ImageObject\",\"inLanguage\":\"en-US\",\"@id\":\"https:\/\/aqclinics.com\/#\/schema\/logo\/image\/\",\"url\":\"https:\/\/aqclinics.com\/wp-content\/uploads\/2021\/12\/3.png\",\"contentUrl\":\"https:\/\/aqclinics.com\/wp-content\/uploads\/2021\/12\/3.png\",\"width\":1024,\"height\":1024,\"caption\":\"aqclinics.com\"},\"image\":{\"@id\":\"https:\/\/aqclinics.com\/#\/schema\/logo\/image\/\"}}]}<\/script>\n<!-- \/ Yoast SEO plugin. -->","yoast_head_json":{"title":"\"Hemos dejado atr\u00e1s la est\u00e9tica artificial\" - aqclinics.com","robots":{"index":"index","follow":"follow","max-snippet":"max-snippet:-1","max-image-preview":"max-image-preview:large","max-video-preview":"max-video-preview:-1"},"canonical":"https:\/\/aqclinics.com\/en\/medio\/hemos-dejado-atras-la-estetica-artificial\/","og_locale":"en_US","og_type":"article","og_title":"\"Hemos dejado atr\u00e1s la est\u00e9tica artificial\" - aqclinics.com","og_description":"Un titular que resume una transformaci\u00f3n de fondo: hoy el valor est\u00e1 en la naturalidad, el criterio y la coherencia.","og_url":"https:\/\/aqclinics.com\/en\/medio\/hemos-dejado-atras-la-estetica-artificial\/","og_site_name":"aqclinics.com","twitter_card":"summary_large_image","schema":{"@context":"https:\/\/schema.org","@graph":[{"@type":"WebPage","@id":"https:\/\/aqclinics.com\/medio\/hemos-dejado-atras-la-estetica-artificial\/","url":"https:\/\/aqclinics.com\/medio\/hemos-dejado-atras-la-estetica-artificial\/","name":"\"Hemos dejado atr\u00e1s la est\u00e9tica artificial\" - aqclinics.com","isPartOf":{"@id":"https:\/\/aqclinics.com\/#website"},"datePublished":"2026-03-26T08:10:23+00:00","breadcrumb":{"@id":"https:\/\/aqclinics.com\/medio\/hemos-dejado-atras-la-estetica-artificial\/#breadcrumb"},"inLanguage":"en-US","potentialAction":[{"@type":"ReadAction","target":["https:\/\/aqclinics.com\/medio\/hemos-dejado-atras-la-estetica-artificial\/"]}]},{"@type":"BreadcrumbList","@id":"https:\/\/aqclinics.com\/medio\/hemos-dejado-atras-la-estetica-artificial\/#breadcrumb","itemListElement":[{"@type":"ListItem","position":1,"name":"Portada","item":"https:\/\/aqclinics.com\/"},{"@type":"ListItem","position":2,"name":"\u00abHemos dejado atr\u00e1s la est\u00e9tica artificial\u00bb"}]},{"@type":"WebSite","@id":"https:\/\/aqclinics.com\/#website","url":"https:\/\/aqclinics.com\/","name":"aqclinics.com","description":"La Dra. \u00c1ngela Casquero, m\u00e9dico est\u00e9tico con amplia experiencia, combina ciencia y naturalidad para realzar la belleza de cada paciente con tratamientos seguros, personalizados y de \u00faltima generaci\u00f3n.","publisher":{"@id":"https:\/\/aqclinics.com\/#organization"},"potentialAction":[{"@type":"SearchAction","target":{"@type":"EntryPoint","urlTemplate":"https:\/\/aqclinics.com\/?s={search_term_string}"},"query-input":{"@type":"PropertyValueSpecification","valueRequired":true,"valueName":"search_term_string"}}],"inLanguage":"en-US"},{"@type":"Organization","@id":"https:\/\/aqclinics.com\/#organization","name":"aqclinics.com","url":"https:\/\/aqclinics.com\/","logo":{"@type":"ImageObject","inLanguage":"en-US","@id":"https:\/\/aqclinics.com\/#\/schema\/logo\/image\/","url":"https:\/\/aqclinics.com\/wp-content\/uploads\/2021\/12\/3.png","contentUrl":"https:\/\/aqclinics.com\/wp-content\/uploads\/2021\/12\/3.png","width":1024,"height":1024,"caption":"aqclinics.com"},"image":{"@id":"https:\/\/aqclinics.com\/#\/schema\/logo\/image\/"}}]}},"_links":{"self":[{"href":"https:\/\/aqclinics.com\/en\/wp-json\/wp\/v2\/aq_medio\/3712","targetHints":{"allow":["GET"]}}],"collection":[{"href":"https:\/\/aqclinics.com\/en\/wp-json\/wp\/v2\/aq_medio"}],"about":[{"href":"https:\/\/aqclinics.com\/en\/wp-json\/wp\/v2\/types\/aq_medio"}],"wp:attachment":[{"href":"https:\/\/aqclinics.com\/en\/wp-json\/wp\/v2\/media?parent=3712"}],"wp:term":[{"taxonomy":"aq_tipo_medio","embeddable":true,"href":"https:\/\/aqclinics.com\/en\/wp-json\/wp\/v2\/aq_tipo_medio?post=3712"}],"curies":[{"name":"wp","href":"https:\/\/api.w.org\/{rel}","templated":true}]}}

«Hemos dejado atrás la estética artificial»

<p>Este artículo refleja una tendencia que compartimos plenamente: la medicina estética evoluciona hacia tratamientos mejor indicados, menos exagerados y mucho más respetuosos con la expresión y la identidad de cada persona.</p>
<p>No se trata de cambiar un rostro ni de perseguir resultados evidentes. Se trata de trabajar con precisión, sensibilidad y sentido médico para realzar sin disfrazar.</p>

<p>Un titular que resume una transformación de fondo: hoy el valor está en la naturalidad, el criterio y la coherencia.</p>

<!-- This site is optimized with the Yoast SEO plugin v27.2 - https://yoast.com/product/yoast-seo-wordpress/ -->
<title>&quot;Hemos dejado atrás la estética artificial&quot; - aqclinics.com</title>
<meta name="robots" content="index, follow, max-snippet:-1, max-image-preview:large, max-video-preview:-1" />
<link rel="canonical" href="https://aqclinics.com/en/medio/hemos-dejado-atras-la-estetica-artificial/" />
<meta property="og:locale" content="en_US" />
<meta property="og:type" content="article" />
<meta property="og:title" content="&quot;Hemos dejado atrás la estética artificial&quot; - aqclinics.com" />
<meta property="og:description" content="Un titular que resume una transformación de fondo: hoy el valor está en la naturalidad, el criterio y la coherencia." />
<meta property="og:url" content="https://aqclinics.com/en/medio/hemos-dejado-atras-la-estetica-artificial/" />
<meta property="og:site_name" content="aqclinics.com" />
<meta name="twitter:card" content="summary_large_image" />
<script type="application/ld+json" class="yoast-schema-graph">{"@context":"https://schema.org","@graph":[{"@type":"WebPage","@id":"https://aqclinics.com/medio/hemos-dejado-atras-la-estetica-artificial/","url":"https://aqclinics.com/medio/hemos-dejado-atras-la-estetica-artificial/","name":"\"Hemos dejado atrás la estética artificial\" - aqclinics.com","isPartOf":{"@id":"https://aqclinics.com/#website"},"datePublished":"2026-03-26T08:10:23+00:00","breadcrumb":{"@id":"https://aqclinics.com/medio/hemos-dejado-atras-la-estetica-artificial/#breadcrumb"},"inLanguage":"en-US","potentialAction":[{"@type":"ReadAction","target":["https://aqclinics.com/medio/hemos-dejado-atras-la-estetica-artificial/"]}]},{"@type":"BreadcrumbList","@id":"https://aqclinics.com/medio/hemos-dejado-atras-la-estetica-artificial/#breadcrumb","itemListElement":[{"@type":"ListItem","position":1,"name":"Portada","item":"https://aqclinics.com/"},{"@type":"ListItem","position":2,"name":"«Hemos dejado atrás la estética artificial»"}]},{"@type":"WebSite","@id":"https://aqclinics.com/#website","url":"https://aqclinics.com/","name":"aqclinics.com","description":"La Dra. Ángela Casquero, médico estético con amplia experiencia, combina ciencia y naturalidad para realzar la belleza de cada paciente con tratamientos seguros, personalizados y de última generación.","publisher":{"@id":"https://aqclinics.com/#organization"},"potentialAction":[{"@type":"SearchAction","target":{"@type":"EntryPoint","urlTemplate":"https://aqclinics.com/?s={search_term_string}"},"query-input":{"@type":"PropertyValueSpecification","valueRequired":true,"valueName":"search_term_string"}}],"inLanguage":"en-US"},{"@type":"Organization","@id":"https://aqclinics.com/#organization","name":"aqclinics.com","url":"https://aqclinics.com/","logo":{"@type":"ImageObject","inLanguage":"en-US","@id":"https://aqclinics.com/#/schema/logo/image/","url":"https://aqclinics.com/wp-content/uploads/2021/12/3.png","contentUrl":"https://aqclinics.com/wp-content/uploads/2021/12/3.png","width":1024,"height":1024,"caption":"aqclinics.com"},"image":{"@id":"https://aqclinics.com/#/schema/logo/image/"}}]}</script>
<!-- / Yoast SEO plugin. -->

"Hemos dejado atrás la estética artificial" - aqclinics.com

Un titular que resume una transformación de fondo: hoy el valor está en la naturalidad, el criterio y la coherencia.

La Dra. Ángela Casquero, médico estético con amplia experiencia, combina ciencia y naturalidad para realzar la belleza de cada paciente con tratamientos seguros, personalizados y de última generación.
