{"id":3709,"date":"2026-03-26T08:10:22","date_gmt":"2026-03-26T08:10:22","guid":{"rendered":"https:\/\/aqclinics.com\/medio\/entrevista-en-cadena-ser\/"},"modified":"2026-03-26T08:10:22","modified_gmt":"2026-03-26T08:10:22","slug":"entrevista-en-cadena-ser","status":"publish","type":"aq_medio","link":"https:\/\/aqclinics.com\/en\/medio\/entrevista-en-cadena-ser\/","title":{"rendered":"Entrevista en Cadena SER"},"content":{"rendered":"<p>En esta entrevista abordamos una forma de entender la medicina est\u00e9tica alejada del exceso y de las modas pasajeras. Hablamos de naturalidad, de acompa\u00f1amiento m\u00e9dico, de personalizaci\u00f3n y de la importancia de que cada tratamiento responda a una necesidad real y a un criterio cl\u00ednico claro.<\/p>\n<p>Una intervenci\u00f3n que resume bien la filosof\u00eda de AQ Clinics: escuchar, valorar con honestidad y trabajar con resultados coherentes, seguros y elegantes.<\/p>","protected":false},"excerpt":{"rendered":"<p>Una conversaci\u00f3n sobre medicina est\u00e9tica desde una mirada m\u00e9dica, sensata y actual.<\/p>","protected":false},"featured_media":0,"template":"","aq_tipo_medio":[11],"class_list":["post-3709","aq_medio","type-aq_medio","status-publish","hentry","aq_tipo_medio-radio"],"yoast_head":"<!-- This site is optimized with the Yoast SEO plugin v27.2 - https:\/\/yoast.com\/product\/yoast-seo-wordpress\/ -->\n<title>Entrevista en Cadena SER - aqclinics.com<\/title>\n<meta name=\"robots\" content=\"index, follow, max-snippet:-1, max-image-preview:large, max-video-preview:-1\" \/>\n<link rel=\"canonical\" href=\"https:\/\/aqclinics.com\/en\/medio\/entrevista-en-cadena-ser\/\" \/>\n<meta property=\"og:locale\" content=\"en_US\" \/>\n<meta property=\"og:type\" content=\"article\" \/>\n<meta property=\"og:title\" content=\"Entrevista en Cadena SER - aqclinics.com\" \/>\n<meta property=\"og:description\" content=\"Una conversaci\u00f3n sobre medicina est\u00e9tica desde una mirada m\u00e9dica, sensata y actual.\" \/>\n<meta property=\"og:url\" content=\"https:\/\/aqclinics.com\/en\/medio\/entrevista-en-cadena-ser\/\" \/>\n<meta property=\"og:site_name\" content=\"aqclinics.com\" \/>\n<meta name=\"twitter:card\" content=\"summary_large_image\" \/>\n<script type=\"application\/ld+json\" class=\"yoast-schema-graph\">{\"@context\":\"https:\/\/schema.org\",\"@graph\":[{\"@type\":\"WebPage\",\"@id\":\"https:\/\/aqclinics.com\/medio\/entrevista-en-cadena-ser\/\",\"url\":\"https:\/\/aqclinics.com\/medio\/entrevista-en-cadena-ser\/\",\"name\":\"Entrevista en Cadena SER - aqclinics.com\",\"isPartOf\":{\"@id\":\"https:\/\/aqclinics.com\/#website\"},\"datePublished\":\"2026-03-26T08:10:22+00:00\",\"breadcrumb\":{\"@id\":\"https:\/\/aqclinics.com\/medio\/entrevista-en-cadena-ser\/#breadcrumb\"},\"inLanguage\":\"en-US\",\"potentialAction\":[{\"@type\":\"ReadAction\",\"target\":[\"https:\/\/aqclinics.com\/medio\/entrevista-en-cadena-ser\/\"]}]},{\"@type\":\"BreadcrumbList\",\"@id\":\"https:\/\/aqclinics.com\/medio\/entrevista-en-cadena-ser\/#breadcrumb\",\"itemListElement\":[{\"@type\":\"ListItem\",\"position\":1,\"name\":\"Portada\",\"item\":\"https:\/\/aqclinics.com\/\"},{\"@type\":\"ListItem\",\"position\":2,\"name\":\"Entrevista en Cadena SER\"}]},{\"@type\":\"WebSite\",\"@id\":\"https:\/\/aqclinics.com\/#website\",\"url\":\"https:\/\/aqclinics.com\/\",\"name\":\"aqclinics.com\",\"description\":\"La Dra. \u00c1ngela Casquero, m\u00e9dico est\u00e9tico con amplia experiencia, combina ciencia y naturalidad para realzar la belleza de cada paciente con tratamientos seguros, personalizados y de \u00faltima generaci\u00f3n.\",\"publisher\":{\"@id\":\"https:\/\/aqclinics.com\/#organization\"},\"potentialAction\":[{\"@type\":\"SearchAction\",\"target\":{\"@type\":\"EntryPoint\",\"urlTemplate\":\"https:\/\/aqclinics.com\/?s={search_term_string}\"},\"query-input\":{\"@type\":\"PropertyValueSpecification\",\"valueRequired\":true,\"valueName\":\"search_term_string\"}}],\"inLanguage\":\"en-US\"},{\"@type\":\"Organization\",\"@id\":\"https:\/\/aqclinics.com\/#organization\",\"name\":\"aqclinics.com\",\"url\":\"https:\/\/aqclinics.com\/\",\"logo\":{\"@type\":\"ImageObject\",\"inLanguage\":\"en-US\",\"@id\":\"https:\/\/aqclinics.com\/#\/schema\/logo\/image\/\",\"url\":\"https:\/\/aqclinics.com\/wp-content\/uploads\/2021\/12\/3.png\",\"contentUrl\":\"https:\/\/aqclinics.com\/wp-content\/uploads\/2021\/12\/3.png\",\"width\":1024,\"height\":1024,\"caption\":\"aqclinics.com\"},\"image\":{\"@id\":\"https:\/\/aqclinics.com\/#\/schema\/logo\/image\/\"}}]}<\/script>\n<!-- \/ Yoast SEO plugin. -->","yoast_head_json":{"title":"Entrevista en Cadena SER - aqclinics.com","robots":{"index":"index","follow":"follow","max-snippet":"max-snippet:-1","max-image-preview":"max-image-preview:large","max-video-preview":"max-video-preview:-1"},"canonical":"https:\/\/aqclinics.com\/en\/medio\/entrevista-en-cadena-ser\/","og_locale":"en_US","og_type":"article","og_title":"Entrevista en Cadena SER - aqclinics.com","og_description":"Una conversaci\u00f3n sobre medicina est\u00e9tica desde una mirada m\u00e9dica, sensata y actual.","og_url":"https:\/\/aqclinics.com\/en\/medio\/entrevista-en-cadena-ser\/","og_site_name":"aqclinics.com","twitter_card":"summary_large_image","schema":{"@context":"https:\/\/schema.org","@graph":[{"@type":"WebPage","@id":"https:\/\/aqclinics.com\/medio\/entrevista-en-cadena-ser\/","url":"https:\/\/aqclinics.com\/medio\/entrevista-en-cadena-ser\/","name":"Entrevista en Cadena SER - aqclinics.com","isPartOf":{"@id":"https:\/\/aqclinics.com\/#website"},"datePublished":"2026-03-26T08:10:22+00:00","breadcrumb":{"@id":"https:\/\/aqclinics.com\/medio\/entrevista-en-cadena-ser\/#breadcrumb"},"inLanguage":"en-US","potentialAction":[{"@type":"ReadAction","target":["https:\/\/aqclinics.com\/medio\/entrevista-en-cadena-ser\/"]}]},{"@type":"BreadcrumbList","@id":"https:\/\/aqclinics.com\/medio\/entrevista-en-cadena-ser\/#breadcrumb","itemListElement":[{"@type":"ListItem","position":1,"name":"Portada","item":"https:\/\/aqclinics.com\/"},{"@type":"ListItem","position":2,"name":"Entrevista en Cadena SER"}]},{"@type":"WebSite","@id":"https:\/\/aqclinics.com\/#website","url":"https:\/\/aqclinics.com\/","name":"aqclinics.com","description":"La Dra. \u00c1ngela Casquero, m\u00e9dico est\u00e9tico con amplia experiencia, combina ciencia y naturalidad para realzar la belleza de cada paciente con tratamientos seguros, personalizados y de \u00faltima generaci\u00f3n.","publisher":{"@id":"https:\/\/aqclinics.com\/#organization"},"potentialAction":[{"@type":"SearchAction","target":{"@type":"EntryPoint","urlTemplate":"https:\/\/aqclinics.com\/?s={search_term_string}"},"query-input":{"@type":"PropertyValueSpecification","valueRequired":true,"valueName":"search_term_string"}}],"inLanguage":"en-US"},{"@type":"Organization","@id":"https:\/\/aqclinics.com\/#organization","name":"aqclinics.com","url":"https:\/\/aqclinics.com\/","logo":{"@type":"ImageObject","inLanguage":"en-US","@id":"https:\/\/aqclinics.com\/#\/schema\/logo\/image\/","url":"https:\/\/aqclinics.com\/wp-content\/uploads\/2021\/12\/3.png","contentUrl":"https:\/\/aqclinics.com\/wp-content\/uploads\/2021\/12\/3.png","width":1024,"height":1024,"caption":"aqclinics.com"},"image":{"@id":"https:\/\/aqclinics.com\/#\/schema\/logo\/image\/"}}]}},"_links":{"self":[{"href":"https:\/\/aqclinics.com\/en\/wp-json\/wp\/v2\/aq_medio\/3709","targetHints":{"allow":["GET"]}}],"collection":[{"href":"https:\/\/aqclinics.com\/en\/wp-json\/wp\/v2\/aq_medio"}],"about":[{"href":"https:\/\/aqclinics.com\/en\/wp-json\/wp\/v2\/types\/aq_medio"}],"wp:attachment":[{"href":"https:\/\/aqclinics.com\/en\/wp-json\/wp\/v2\/media?parent=3709"}],"wp:term":[{"taxonomy":"aq_tipo_medio","embeddable":true,"href":"https:\/\/aqclinics.com\/en\/wp-json\/wp\/v2\/aq_tipo_medio?post=3709"}],"curies":[{"name":"wp","href":"https:\/\/api.w.org\/{rel}","templated":true}]}}

<p>En esta entrevista abordamos una forma de entender la medicina estética alejada del exceso y de las modas pasajeras. Hablamos de naturalidad, de acompañamiento médico, de personalización y de la importancia de que cada tratamiento responda a una necesidad real y a un criterio clínico claro.</p>
<p>Una intervención que resume bien la filosofía de AQ Clinics: escuchar, valorar con honestidad y trabajar con resultados coherentes, seguros y elegantes.</p>

<p>Una conversación sobre medicina estética desde una mirada médica, sensata y actual.</p>

<!-- This site is optimized with the Yoast SEO plugin v27.2 - https://yoast.com/product/yoast-seo-wordpress/ -->
<title>Entrevista en Cadena SER - aqclinics.com</title>
<meta name="robots" content="index, follow, max-snippet:-1, max-image-preview:large, max-video-preview:-1" />
<link rel="canonical" href="https://aqclinics.com/en/medio/entrevista-en-cadena-ser/" />
<meta property="og:locale" content="en_US" />
<meta property="og:type" content="article" />
<meta property="og:title" content="Entrevista en Cadena SER - aqclinics.com" />
<meta property="og:description" content="Una conversación sobre medicina estética desde una mirada médica, sensata y actual." />
<meta property="og:url" content="https://aqclinics.com/en/medio/entrevista-en-cadena-ser/" />
<meta property="og:site_name" content="aqclinics.com" />
<meta name="twitter:card" content="summary_large_image" />
<script type="application/ld+json" class="yoast-schema-graph">{"@context":"https://schema.org","@graph":[{"@type":"WebPage","@id":"https://aqclinics.com/medio/entrevista-en-cadena-ser/","url":"https://aqclinics.com/medio/entrevista-en-cadena-ser/","name":"Entrevista en Cadena SER - aqclinics.com","isPartOf":{"@id":"https://aqclinics.com/#website"},"datePublished":"2026-03-26T08:10:22+00:00","breadcrumb":{"@id":"https://aqclinics.com/medio/entrevista-en-cadena-ser/#breadcrumb"},"inLanguage":"en-US","potentialAction":[{"@type":"ReadAction","target":["https://aqclinics.com/medio/entrevista-en-cadena-ser/"]}]},{"@type":"BreadcrumbList","@id":"https://aqclinics.com/medio/entrevista-en-cadena-ser/#breadcrumb","itemListElement":[{"@type":"ListItem","position":1,"name":"Portada","item":"https://aqclinics.com/"},{"@type":"ListItem","position":2,"name":"Entrevista en Cadena SER"}]},{"@type":"WebSite","@id":"https://aqclinics.com/#website","url":"https://aqclinics.com/","name":"aqclinics.com","description":"La Dra. Ángela Casquero, médico estético con amplia experiencia, combina ciencia y naturalidad para realzar la belleza de cada paciente con tratamientos seguros, personalizados y de última generación.","publisher":{"@id":"https://aqclinics.com/#organization"},"potentialAction":[{"@type":"SearchAction","target":{"@type":"EntryPoint","urlTemplate":"https://aqclinics.com/?s={search_term_string}"},"query-input":{"@type":"PropertyValueSpecification","valueRequired":true,"valueName":"search_term_string"}}],"inLanguage":"en-US"},{"@type":"Organization","@id":"https://aqclinics.com/#organization","name":"aqclinics.com","url":"https://aqclinics.com/","logo":{"@type":"ImageObject","inLanguage":"en-US","@id":"https://aqclinics.com/#/schema/logo/image/","url":"https://aqclinics.com/wp-content/uploads/2021/12/3.png","contentUrl":"https://aqclinics.com/wp-content/uploads/2021/12/3.png","width":1024,"height":1024,"caption":"aqclinics.com"},"image":{"@id":"https://aqclinics.com/#/schema/logo/image/"}}]}</script>
<!-- / Yoast SEO plugin. -->

Una conversación sobre medicina estética desde una mirada médica, sensata y actual.

La Dra. Ángela Casquero, médico estético con amplia experiencia, combina ciencia y naturalidad para realzar la belleza de cada paciente con tratamientos seguros, personalizados y de última generación.
